+ 35 + (-134 - 7)
39
What is the value of (-20 - 24) + -23 - (-5 + 1 - -6 - 11)?
-58
Calculate -28 - (13 + (-2 - 15 - -17)).
-41
Calculate -30 + (18 - (-26 - -51)).
-37
-1 + -4 - (3 + (-1 - -8) - (170 - 132))
23
26 + -14 - (50 + -66)
28
What is (-107 - -149) + 110 + -57?
95
What is the value of 0 + 122 - (3143 + -3074)?
53
Calculate -3 + (-41 - (-4 - -4)) + 292 + -283.
-35
Calculate 34 + (-15 + 68 - 42).
45
Evaluate -1 + -4 + 3 + 96 + (53 + -46 - -6).
107
(1 - 1) + -14 + (4227 - 4216)
-3
What is the value of -1 + 67 - ((1 + 13 + -11 - 0) + 2)?
61
What is the value of (1 + 40 - 46) + (-4 - (-1 + 2)) + -13?
-23
What is the value of -11 - ((-21 + -44 - 4) + (2 - -18))?
38
What is 7 + -2 + -1 - (6 + 19 + -44 + -4)?
27
What is -5 + (-5 - (-1 + -4)) + 196 + -201?
-10
Evaluate 1 - 1 - (-1473 - -1460) - (-2 + 69 - -3).
-57
What is 87 - -7 - (-20 + 13 + 23 + -10 + 5)?
83
Evaluate 2 + -14 + (34 - (-27 + 45)) - (0 - 57).
61
What is (-43 - (-7 + (20 - 5) + -5)) + (0 - 0)?
-46
(8 + -4 - 18) + 601 + -498
89
What is the value of 20 + (2 + -39 - -42)?
25
Evaluate -2 + 2 + -1 - (399 - 401).
1
-25 + 13 + (-24 - 2) - (6 + -9)
-35
What is the value of (-2 - -20) + (3 - -6) + 6 + (-42 - -22)?
13
(25 + (-33 - 17 - -27) - (-3 - 1)) + 28
34
What is (-5 - 0) + (-1 - (-20 + 9)) + -37 + -4?
-36
What is 58 + (59 - (42 + 15))?
60
What is -56 + (8 - (2 - 1)) + 498 + -496?
-47
Calculate -248 + 245 - ((19 - -6) + 2 + -6 + -2).
-22
What is the value of -772 - -657 - (-1 + -39)?
-75
Evaluate 81 + (-66 - 30) + (-39 - -1).
-53
Calculate -126 - (125 + -86 + -125).
-40
Calculate (-79 + 87 - (3 + 1 + -3)) + 5 + -16.
-4
What is the value of -11 - (1 + -2 + 6 - (4 - (-34 + 40)))?
-18
(-57 - -69) + -10 - (-1 - (-6 - -12))
9
What is -5 + -1 + 48 + (6 - 0 - (148 - 142))?
42
-58 + -3 + (-7 - (-5 - (-23 + 11 + 11)))
-64
What is 131 - (34 + 30 + (7 - 45))?
105
Calculate -5 + -59 + 13 + 6.
-45
Calculate 20 + (22 - (18 - 24)) + -31.
17
Evaluate -1 + 2 - 1 - (0 - 4) - (120 + -78).
-38
What is the value of 3 + (89 - 2) + (2 - 88 - -101)?
105
(14 - (38 - 24) - (-25 - -17)) + (-9 - -2)
1
What is the value of 11 + 54 - (-36 - (-6 + -24))?
71
68 + 1696 + -1688 + (-13 - -1)
64
What is the value of -108 - 5 - (15 - 4 - 24)?
-100
What is 0 - (-2 - 2) - (-27 + 44 - 12)?
-1
6 - ((-31 - -14 - (-21 + 11 - -1)) + 8)
6
What is -514 + 480 + (-1 - -35)?
0
What is 5 - (56 + (-7 - -5) + -4)?
-45
Evaluate (-5 - -47) + -34 + -9.
-1
Evaluate (4 - (-17 - -8 - 1)) + 48 + -65.
-3
Calculate 0 + -2 + -1 - (-142 - -32 - -64).
43
What is 2 + 4 - (18 - (-12 + (-24 - 27)))?
-75
(1 - 14) + (-41 - -92 - 29)
9
Calculate 8 - -14 - (-8 + (-15 - -9) + (-2 - -3)).
35
Calculate 2 + (2 - 0) - (-21 - (24 - 43)).
6
Evaluate (-11 - (-18 + 2 - (-35 - -28))) + -13 + -1.
-16
What is the value of 60 - (123 + -19 + 4)?
-48
Evaluate (28 + 0 - 73) + (2 - 4).
-47
What is 77 + 16 + -17 + -13 + 48?
111
What is the value of -701 + 748 + (-13 - -3)?
37
Evaluate (103 + 36 - 16) + -51.
72
Calculate (9 - -25) + (33 - (18 + -4)).
53
What is the value of (-75 - -3) + (0 - -34) + -505 + 482?
-61
-480 - -464 - (0 - 18) - (-1 - 0)
3
Evaluate 13 + -121 - (-63 - -69).
-114
What is (17 - -1) + 285 + -311?
-8
239 + -217 - ((-6 - -2) + 85)
-59
Calculate -34 - (-32 + (30 - -8 - 22)).
-18
Evaluate -155 - (14 - 179 - -104).
-94
10 - (-7 - -11 - -4 - -7) - 9
-14
(0 - ((-4 + -4 + 25 - 8) + -7)) + -30
-32
What is 47 - 41 - ((3 - (-3 - -7)) + -4 + 57)?
-46
Evaluate -24 + 98 - 89 - (-28 + 1).
12
Calculate -30 + (-63 + 57 - -73).
37
What is -74 + -106 + 48 + 88?
-44
What is (-7 - (10 - 10) - 2) + (-8 - 5) + 2?
-20
Calculate 11 - ((72 - -6) + (-1 - 21) - (-11 - 0)).
-56
What is -53 - (84 - (64 + -17))?
-90
What is the value of -2 + (12 - (21 - 1)) + 15 + 2?
7
-5 + -38 - (13 - 16) - (8 + 0 + 0)
-48
-264 + (60 - -160) + (17 - -1)
-26
Evaluate 96 + (85 - 167) - ((1 - -2) + 129).
-118
What is 14 - (-69 + 141) - 78?
-136
-1824 + 1844 + (-96 - 1)
-77
Calculate 75 - (-8 - (2 + (-58 - -32))).
59
Calculate (-15 - (-26 + 17 + 2)) + -22.
-30
-6 + -6 + 15 - -10 - -25
38
-109 - (52 + -116) - -17
-28
Calculate -19 + 72 + -31 + -45 + 36.
13
Calculate -55 + -32 + 96 + 37.
46
What is 3 + -6 - -69 - (-34 + -60 - -108)?
52
What is 19 + (12 - (-8 - -22)) + -4 - -18?
31
What is (-2 - -19) + -5 + -238 + 146?
-80
What is 0 - -2 - ((-152 - -430) + -185)?
-91
Evaluate 54 - (-27 - -81 - -19).
-19
What is ((48 - 31) + -42 - (10 + -2)) + -62 + 58?
-37
Evaluate 29 + -20 - -35 - -1.
45
What is (-197 + 188 - (-1 + -1 + 3)) + -59?
-69
What is 75 - (65 - 18 - 50)?
78
What is 1155 - 1157 - (-3 - -34)?
-33
Calculate -129 + (304 - 106) + -123.
-54
Evaluate 35 + 2 + (2811 - 2844).
4
Calculate 8509 + -8525 + (-1 - 19 - 1).
-37
What is 11 + (7 - 7) + 21 + (-14 - -15)?
33
Calculate -51 + (105 - (30 + -24)).
48
Calculate 51 - 0 - (-6 + 14 + -11 + 11).
43
-360 - -314 - (-4 + -41)
-1
Evaluate -60 + ((-7 - -13) + 15 + -23 + -8 - -19).
-51
What is the value of (0 - -6) + (2 - -32)?
40
0 - (15 - 25 - (5 + -17)) - 2
-4
-174 + (-184 - -310) + (1 - -100)
53
Calculate (-67 - 19) + 37 + 153.
104
(50 - (37 + -13) - 13) + 18
31
What is -73 + -63 + 144 + -77?
-69
-2 + (34 - 16 - (-8 + 67))
-43
What is -6 - 20 - -81 - 26?
29
Calculate -18 + (18 - -11 - -3 - 47).
-33
What is the value of 13 - (116 + -71 + -54 - (0 - 53))?
-31
What is 72 - (61 - (16 - -29))?
56
Calculate (-3 - (-1 - 1)) + -1 + 2118 + -2146.
-30
Calculate (-131 - -91 - 3) + (76 - 1).
32
What is 75 - (0 - (-2 + 2)) - (39575 + -39572)?
72
Evaluate 0 + 31 + -85 - -11.
-43
What is the value of (132 - 189) + 21 + -11?
-47
What is the value of -3 + -12 + 23 + 11 - -21?
40
Calculate -92 - (0 + -6 - -5) - (7 - (-64 - -68)).
-94
What is 41 + (-49 - 52) + 33?
-27
Evaluate 76 + (103 - 228) - (-19 + 1).
-31
Evaluate -29 - (12 + 6 + (14 - 26)) - -2.
-33
What is the value of (-13 - -35) + -19 + 11 + 25?
39
What is the value of -110 + -103 + 134 + 8?
-71
What is (31 - 1 - (273 + -273)) + 46?
76
What is the value of (-5 - (-5 + -1 + -51 + -12)) + -16?
48
What is the value of -67 - (-123 + 60 + -54)?
50
Calculate (-8 - (-1 - -24)) + 15 + (1 - 51).
-66
Evaluate -62 + (-25 - -37) + 3 + -23.
-70
What is (-59 + 10 - (-4 - -11)) + 3?
-53
8 - (-48 - (-67 - 7))
-18
What is the value of (128 - 46) + -74 - (-1 - (31 - 1))?
39
-13 + -3 + 18 + -14 + 8
-4
What is the value of 40 + -7 + 204 + (34 - 150)?
121
What is (-21 - 20) + 52 - 58?
-47
Evaluate 34 + 19 + -20 + -12 + -6 + 24.
39
Evaluate -11 + 20 + 23 + -33 - (1 + 63 + -2).
-63
84 - 1 - (85 - 51)
49
3 - (25 + (-3 - 2)) - 51
-68
110 + -23 + -129 - ((4 - 3) + 18)
-61
What is the value of -18 - -4 - (1210 - 1351)?
127
Calculate -7 + -4 + 1 - (21 - (1 + 12)).
-18
Calculate (-9 - (-16 + 2 - (-40 + 34))) + 8.
7
(4 - 3 - (12 - 1 - (75 - 75))) + -49
-59
Calculate (5 - 9 - -6) + 2 + -1 + (127 - 211).
-81
Evaluate 6 - 6 - (-8 - (8 - 16) - -8).
-8
399 - 360 - (5 - -2) - -18
50
4 + (10 - (-3 + -8 + 12) - -3 - 14)
2
0 - -50 - (-1402 - -1476) - (-9 - 0 - -2)
-17
183 - 243 - ((-1 - -4) + (-6 - (-18 + 8)))
-67
Evaluate -8 - (-36 + 12 + 6).
10
85 + ((1 - 10) + 11 - 22) + (17 - 7)
75
What is 15 - (15 + -2 + 0 - (-38 - 15))?
-51
Evaluate -61 - (97 - 60) - -147.
49
What is the value of 4 + -7 - (0 + -7 - (-15 + -13 + 21))?
-3
-53 - (-35 + 51 - 32)
-37
Calculate -62 + 33 + (-34 - -23).
-40
What is the value of -7 - -1 - (51 + -76 - (2 + 10))?
31
What is -3 + 1 + (-7 - 3) + (942 - 1013)?
-83
Calculate -17 + 93 + (0 - 51).
25
Calculate (-6 - -61) + -57 + 14.
12
(-6 - (20 + 16)) + 118
76
Calculate -28 - (36 + (-112 - 4) - 8).
60
What is the value of 523 + -503 - (68 + 0 + 4)?
-52
Evaluate (131 - 0) + 7 + -51 + 34 - 8.
113
-48 + 44 + 5 + 0 + -7 + 5 + -36
-37
What is the value of -962 - -1002 - (73 + 1)?
-34
(-2 - 7 - ((14 - -22) + -22)) + -13
-36
What is the value of -1717 + 1777 - (111 - 1)?
-50
What is the value of 7 - (15 + 15 + -17)?
-6
4 - (-47 + (54 - 46 - (-2 - -9)) + 8)
42
Evaluate -614 + 607 + (3 - (0 + -2 + 55)).
-57
Calculate 23 - (-5 + -3 + -209 + 209 + 13 + 1).
17
Evaluate -13 - (3 - (-14 - -25 - -11)).
6
What is (0 - -1) + -12 + (3 - -21) + 13?
26
What is the value of (34 - (-38 + 8)) + -38?
26
Evaluate 96 - 3 - (-13 + 32 + -11).
85
Evaluate 29 - (-5 - -54 - 34).
14
Calculate 256 + -271 - (-10 - 2 - -5).
-8
Calculate -37 + -13 + 84 - -22.